te the highest common divisor of 171994 and 184.
46
What is the greatest common factor of 1568 and 22442?
98
Calculate the highest common divisor of 5887488 and 64.
64
Calculate the highest common factor of 107470 and 130.
10
Calculate the greatest common divisor of 254 and 526.
2
Calculate the highest common divisor of 31894 and 111.
37
Calculate the greatest common factor of 51 and 93772.
17
What is the highest common divisor of 12265 and 156100?
1115
What is the highest common divisor of 228 and 288?
12
What is the greatest common factor of 1640 and 35480?
40
What is the greatest common factor of 63651 and 147?
147
Calculate the greatest common divisor of 705 and 995.
5
Calculate the greatest common factor of 72 and 212376.
24
Calculate the greatest common factor of 332 and 609718.
166
Calculate the highest common divisor of 407 and 426943.
407
What is the highest common divisor of 1143 and 2547?
9
What is the greatest common divisor of 170 and 664870?
170
Calculate the highest common divisor of 1606 and 1078.
22
Calculate the highest common divisor of 6104 and 896.
56
Calculate the greatest common divisor of 126 and 1173249.
63
What is the highest common factor of 37391 and 7263?
269
Calculate the highest common divisor of 90830 and 930.
310
Calculate the highest common divisor of 26860 and 2380.
340
What is the highest common factor of 160261 and 129?
43
What is the highest common factor of 16530 and 15960?
570
What is the highest common divisor of 11223 and 8514?
387
Calculate the highest common factor of 1029 and 61299.
147
What is the greatest common factor of 254790 and 7410?
570
What is the greatest common factor of 170 and 937635?
85
Calculate the greatest common divisor of 14744 and 485.
97
What is the greatest common factor of 20 and 208268?
4
What is the greatest common factor of 1168 and 3664?
16
Calculate the greatest common factor of 11110 and 814.
22
What is the highest common divisor of 40021 and 93?
31
Calculate the greatest common divisor of 1275 and 11900.
425
What is the highest common factor of 92 and 34270?
46
What is the greatest common factor of 100 and 6025?
25
Calculate the greatest common factor of 783 and 367578.
27
What is the greatest common divisor of 1062167 and 694?
347
Calculate the greatest common divisor of 3222 and 738.
18
What is the highest common factor of 720 and 174780?
180
Calculate the highest common factor of 7 and 132083.
7
Calculate the highest common divisor of 1577 and 171.
19
What is the greatest common factor of 28839 and 6?
3
Calculate the highest common factor of 39610 and 17.
17
What is the greatest common divisor of 254 and 217297?
127
What is the highest common divisor of 567 and 1743?
21
Calculate the highest common divisor of 10400 and 480800.
800
Calculate the highest common divisor of 2114115 and 135.
15
What is the greatest common factor of 21141 and 891?
81
Calculate the greatest common divisor of 1197 and 19684.
133
Calculate the greatest common factor of 15408 and 148409.
107
Calculate the greatest common factor of 113857 and 1271.
41
What is the greatest common divisor of 256136 and 4?
4
What is the highest common factor of 4576 and 341?
11
Calculate the greatest common factor of 36465 and 34905.
195
What is the highest common factor of 57752 and 80?
8
What is the highest common divisor of 578 and 559793?
289
What is the highest common factor of 334 and 1935029?
167
Calculate the greatest common divisor of 7620 and 18.
6
What is the greatest common factor of 13 and 3700463?
13
What is the highest common divisor of 259884 and 72?
36
What is the highest common factor of 377864 and 15496?
1192
Calculate the greatest common factor of 1002 and 97862.
334
Calculate the greatest common factor of 24220 and 48.
4
Calculate the greatest common divisor of 49885 and 110.
55
What is the highest common divisor of 389092 and 148?
148
What is the highest common divisor of 20665 and 125?
5
What is the highest common factor of 21240 and 3420?
180
What is the highest common factor of 5559 and 6867?
327
Calculate the greatest common divisor of 7965 and 4385175.
885
Calculate the highest common factor of 100248 and 1256.
8
Calculate the greatest common factor of 5704 and 69161.
713
Calculate the greatest common divisor of 21224 and 168.
56
What is the highest common factor of 1724007 and 282?
141
What is the highest common divisor of 112 and 4711336?
56
Calculate the greatest common factor of 17 and 53006.
17
What is the highest common divisor of 236437 and 87?
29
Calculate the greatest common divisor of 1200 and 122736.
48
What is the greatest common factor of 236 and 148739?
59
Calculate the greatest common divisor of 116 and 610392.
116
Calculate the greatest common factor of 112 and 5971.
7
What is the greatest common divisor of 135557 and 66788?
283
Calculate the highest common divisor of 48 and 3085840.
16
What is the greatest common divisor of 2976112 and 16?
16
What is the highest common factor of 773 and 2689267?
773
What is the highest common factor of 29848 and 1352?
104
What is the greatest common divisor of 398 and 455113?
199
Calculate the highest common factor of 1986 and 10.
2
Calculate the highest common factor of 1227790 and 5310.
590
What is the greatest common divisor of 665 and 157073?
133
What is the highest common divisor of 81011 and 60137?
497
Calculate the highest common factor of 705 and 363765.
15
Calculate the highest common divisor of 137228 and 65.
13
Calculate the greatest common factor of 5577 and 193167.
507
What is the greatest common divisor of 304 and 30457?
19
Calculate the highest common factor of 39485 and 1341.
149
What is the highest common divisor of 27035 and 150?
5
What is the greatest common factor of 424 and 968?
8
Calculate the highest common factor of 4008 and 96.
24
What is the greatest common factor of 132 and 62458?
22
Calculate the highest common divisor of 934913 and 7.
7
Calculate the highest common divisor of 274 and 19865.
137
What is the highest common divisor of 21 and 197526?
21
Calculate the greatest common divisor of 477 and 154230.
159
What is the highest common divisor of 4192 and 128?
32
What is the highest common factor of 122146 and 778?
778
Calculate the greatest common divisor of 118220 and 14906.
514
What is the highest common factor of 626 and 241949?
313
What is the greatest common divisor of 7 and 5455?
1
Calculate the greatest common divisor of 6138 and 26224.
22
Calculate the highest common divisor of 994 and 2149.
7
Calculate the greatest common divisor of 484428 and 1344.
84
What is the highest common divisor of 91187 and 2546?
67
Calculate the greatest common factor of 44 and 1309.
11
What is the highest common divisor of 7248 and 384?
48
What is the highest common factor of 15176 and 1316?
28
Calculate the greatest common divisor of 17748 and 7076.
116
Calculate the greatest common divisor of 18487 and 3591.
133
What is the highest common factor of 35343 and 79849?
1309
What is the greatest common divisor of 100 and 21072?
4
What is the highest common divisor of 81936 and 27?
9
Calculate the greatest common divisor of 98 and 4102.
14
Calculate the highest common divisor of 11 and 6402.
11
Calculate the highest common divisor of 14 and 866047.
7
Calculate the greatest common factor of 1454 and 57433.
727
Calculate the highest common factor of 4234 and 15914.
146
Calculate the highest common factor of 1617 and 13365.
33
What is the highest common factor of 1449843 and 3?
3
What is the highest common factor of 330354 and 18?
18
What is the highest common divisor of 4113 and 1422?
9
What is the highest common divisor of 171 and 286197?
57
Calculate the greatest common divisor of 1924 and 12802.
74
What is the greatest common factor of 2230767 and 44?
11
Calculate the greatest common factor of 151280 and 3720.
1240
Calculate the highest common divisor of 640 and 18320.
80
What is the greatest common divisor of 157 and 331741?
157
What is the highest common factor of 108100 and 10350?
1150
What is the highest common divisor of 15205 and 375?
5
What is the greatest common factor of 1294348 and 4554?
506
What is the greatest common divisor of 1794 and 61230?
78
Calculate the highest common factor of 34047 and 2106.
351
Wha